he second derivative of -1/2*v**2 + 0*v**3 + 0 - 122*v + 1/4*v**4. Calculate s(-1).
2
Let c = -1643 + 1650. Let o(g) be the first derivative of -7/2*g**2 - 1 + 1/3*g**3 + 8*g. Determine o(c).
8
Suppose -35 = -5*j, j = 4*i + 720 - 669. Let p(t) = -t**3 - 12*t**2 - 12*t - 18. Calculate p(i).
-7
Let r be (4/2)/8 - 36/16. Let k be 2 - (r + -3 - -2). Suppose 3*g - 4 - 17 = 3*n, 0 = 4*n + k*g - 8. Let b(l) = 3*l + 3. Determine b(n).
-6
Let f(q) = q**3 - q - 4. Let s(p) = -2*p**3 - 14*p**2 - 12. Let z(c) = -f(c) - s(c). Give z(-14).
2
Let s be 4*(20/4 + -6)*21/14. Let o(l) = -l - 7. What is o(s)?
-1
Let q(u) = u**3 - 5*u**2 - 4*u - 32. Let l = -8821 - -8827. Give q(l).
-20
Let u be 3/(-15) - 7/(-35). Suppose 3*j = u, 5*j + 11 = 5*m - 19. Let q(i) = 3*i - 20. Calculate q(m).
-2
Let j(n) = -2*n**3 + 10*n**2 - 17*n + 37. Suppose -216*b = -69*b - 588. Determine j(b).
1
Let j(c) = 31*c - 276. Let r be j(9). Let o(b) = -149*b**r - 154*b**3 + 3 + 304*b**3 + 3*b**2. Calculate o(-4).
-13
Let g(f) = -28*f - 1. Let b(h) = 249*h + 8. Let c(w) = -b(w) - 6*g(w). Give c(1).
-83
Let x(b) = -b**2 + b + 2. Let q(p) = -3*p**2 + 3*p + 5. Let z(a) = 2*q(a) - 5*x(a). Suppose 3*s = 12*s + 36. Let i be s/(-7) + -2 + 20/14. Give z(i).
0
Let g(p) = 2*p - 3. Let i(a) = a - 2. Let c be i(7). Suppose 136 - 91 = c*m. Determine g(m).
15
Suppose 4*g + f = -1, -2*f = 4*g - 24 + 22. Let v(i) = 24*i + 2. Determine v(g).
-22
Let i(n) = 2*n - 5. Let c(t) = 11*t - 11. Let g(l) = c(l) - 3*i(l). Let u(x) = -3*x + 1. Let w be u(1). Calculate g(w).
-6
Let y(q) = q**3 + 7*q**2 + 8*q + 3. Suppose -z - 487 = -495. Let t(j) = 9 + 9 + 1 - 3*j. Let b be t(z). Give y(b).
13
Let g(a) be the first derivative of 5/2*a**2 - 2*a + 1/3*a**3 + 104. Determine g(-5).
-2
Let q(j) = -10*j**3 + j**2 + 2*j + 1. Let w(x) = -x**2 - 13*x - 34. Let k be w(-7). Suppose -r - r - 5*p = -7, -2*r = 2*p + k. Let g = r - -8. Calculate q(g).
10
Let l = 431 - 430. Let i(y) = 2*y - l + 6*y - 12*y + 0*y. Determine i(-2).
7
Suppose -7*g = -14 - 21. Suppose b + 2*q = -3*b - 112, 0 = -g*q + 20. Let x be 1*-5 + b/10. Let v(f) = f**2 + 9*f + 9. Give v(x).
1
Let q be 2/8 + (-2)/8. Let t(l) be the first derivative of -l**4/4 - l**3/3 + l**2/2 - 4*l - 556. Determine t(q).
-4
Suppose -8 = -2*k, 2*o + 354*k = 357*k + 2. Let b(s) = 72*s - 504. What is b(o)?
0
Suppose -5*g + 2*g - 3417 = 5*k, 5*g + 5695 = -k. Let r = g - -1147. Let w(a) = -2*a**2 - 7*a + 3*a**2 - 3*a - 3. Calculate w(r).
-19
Let i be ((-1)/(-2))/((-1)/16). Suppose -23*k + 4 + 203 = 0. Let w(u) = -8 + 6*u - 25*u + 8*u + k*u + 9*u + u**2. Give w(i).
0
Let t = 10362 - 10360. Let d(p) be the first derivative of -3 - 1/4*p**4 - 3*p + 5/2*p**t + p**3. What is d(3)?
12
Suppose 5*u + 4 = -1. Let h(m) = -m + 1. Let w(i) be the first derivative of -2*i**2 - 2*i - 26. Let v(d) = u*w(d) + 5*h(d). Determine v(6).
1
Let i be 3/12 - (-2418)/24. Let m(n) = -i - n**3 + 5*n + 37 + 30 - 4*n**2 + 35. Determine m(-5).
1
Suppose 5*a - f = f + 755, -3*a = -2*f - 453. Let v = -142 + a. Let p(h) = h**3 - 10*h**2 + 8*h + 13. Calculate p(v).
4
Let d(r) = -21*r**2 + 9*r - 1. Let i = 35326 + -35325. Calculate d(i).
-13
Let t(b) = -b**2 - 6*b - 3. Suppose -135 = 6*m - 71 - 40. Calculate t(m).
5
Let d(a) = -3*a**2 - 2*a - 1. Suppose -25*b = -33*b + 4376. Let i = b - 548. Determine d(i).
-2
Let x(g) be the first derivative of 1/3*g**3 + 8*g + 1/4*g**4 + 25 + 0*g**2. Suppose -l = l. Calculate x(l).
8
Suppose -4*t - 55 = -439. Let j = -88 + t. Let c(u) = u**2 - 8*u - 4. Calculate c(j).
-4
Let i(j) be the third derivative of -j**4/12 - 15*j**2. Let a(s) = 75*s - 6. Let d be a(1). Let z = 63 - d. What is i(z)?
12
Let g be 1*(27/3)/3. Let y(f) be the first derivative of f**4/4 - 2*f**3/3 - 3*f**2/2 - 2*f - 122. Calculate y(g).
-2
Let x(y) = -y**2 - 9*y - 5. Let i(t) = 9*t**2 + 12*t - 2. Let l be i(6). Let h = l - 405. Give x(h).
-27
Let w(d) = 19*d**2 - 11926*d**3 - 17 + 23851*d**3 - 11926*d**3 + 39*d. What is w(21)?
-80
Let u(r) be the third derivative of r**6/120 + r**5/20 - 5*r**4/24 + r**3/2 + 2*r**2. Let d = -7341 + 7337. Calculate u(d).
7
Let a(i) = -17*i**3 + 5*i**2 - 5*i - 12. Let m(k) be the first derivative of -k**4 + k**3/3 - k**2/2 - 3*k - 333. Let w(n) = -2*a(n) + 9*m(n). Determine w(-2).
7
Let s(d) be the second derivative of -d - 1/6*d**3 + 3/2*d**2 + 0 + 1/20*d**5 + 1/6*d**4. Suppose -m - 4*w = 7, 1261*m + 4*w = 1262*m - 1. Determine s(m).
-3
Let v(n) be the first derivative of n**4/4 - 2*n**3/3 + n**2 - 22. Suppose 5 = 4*h - 3*h. Suppose 3*o = 5*r - 16, 9*r + h*o = 4*r. What is v(r)?
4
Suppose 4*p - 1 = -9. Let w(y) = 2*y**3 - 17*y**2 + 14*y - 43. Let l be w(8). Let s(n) = -6081*n**3 + 4*n**2 + 1 + 6082*n**3 + l*n - 2*n. Give s(p).
3
Let v(i) be the third derivative of 0 + 1/10*i**5 + 0*i - 5/24*i**4 - 1/120*i**6 - 78*i**2 + 1/2*i**3. Give v(5).
3
Let c be -2*(1 + 1) - 0*(-7)/49. Let o(l) = -l**3 - 9*l**2 - 16*l + 1. What is o(c)?
-15
Let w(h) = -2*h**2 - 1 - 7*h**2 + h**2 + 7*h**2 - 2*h - 2. Let y(r) = r**2 + 3*r - 2. Let g be y(-2). Let p = -6 - g. What is w(p)?
-3
Let j(d) = -d**2 - 16*d**2 + 19*d**2 - d + 6 + d**3 - 6*d**2 - 20*d. Calculate j(7).
6
Let j(s) = 5*s + 6. Let v be (9/2)/(21/(-28)). Calculate j(v).
-24
Let f = 9398 + -9389. Let r(s) = -1 - s + s**3 + 4 - 1 - 9*s**2 - 3. Determine r(f).
-10
Suppose 26*x + 4*x - 1170 = 0. Let b(s) = -2*s - 6 - 13 + x + 3*s - 7 + s**2. Suppose u = 5*h + 20, -h = 5*u + 4 - 0. Give b(u).
13
Let o(z) = -2*z**2 + 2035*z - 45 + 6*z**2 - z**2 - 1021*z - 1013*z. What is o(7)?
109
Suppose 0 = 52*a + 176 - 31 + 63. Let j(g) = -3*g**2 + 17. Calculate j(a).
-31
Let q(h) = -h + 10. Let y(z) = 17*z + 91. Let g = -729 + 724. Let t be y(g). Calculate q(t).
4
Let w(v) = -v**3 - v**2 + 182*v + 3. Let t be w(13). Suppose 6*i = 10*i + 2*m, -5*i = 4*m + t. Let l(h) = 6*h**3 - h**2 + h. Determine l(i).
6
Let k(g) = -1109*g**2 + 93*g - 14. Let x(f) = -252*f**2 + 21*f - 3. Let o(a) = 5*k(a) - 22*x(a). Let d = -6 + 10. Give o(d).
-8
Let b(w) = w**2 + 10*w + 31. Suppose 19 - 55 = g - 5*j, g = -2*j + 6. Give b(g).
7
Let q(s) = 228*s**3 + s**2 - 453*s**3 - 4 - 2*s**2 - 6*s + 226*s**3. Give q(-2).
-4
Let m(c) = c**3 - 4*c**2 - c + 52. Let g(s) = 3*s**3 - 9*s**2 - 9*s + 207. Let k(x) = -g(x) + 4*m(x). Give k(6).
-5
Let t be 2*1/(-2) + 1938/(-19). Let u = t - -96. Let s(k) = -k**3 - 6*k**2 + 4*k - 20. Let q be s(u). Let r(f) = -6*f**3 - f**2 + 2*f - 1. Calculate r(q).
-6
Let b(o) = -o**3 + 12*o**2 - 12*o. Suppose 3*d - 37 = -k, 2842*d - 2839*d - 3*k - 9 = 0. Give b(d).
80
Let h(s) be the second derivative of -s**4/24 - s**3 + 33*s**2 + 4*s - 4. Let c(w) be the first derivative of h(w). Give c(-3).
-3
Let u be -3 + 5 + -6 + 6. Let w be ((-1 - u) + 2)*(-11 + 8). Let m(b) = -b**2 + 11*b**w + 11 - b - 4*b**3 - 5*b**3 - b**3. Calculate m(0).
11
Suppose 4*h - 342 = -2*h. Let c(l) = -15*l + 114 - h + l**2 - 48. Give c(14).
-5
Let h = -605 - -618. Let k(w) = -w - 10 - 11 + 30 + h. Calculate k(16).
6
Let g(z) = -2*z + 7. Let s be g(6). Let o(w) = w**2 + 56*w - 2. Let k(x) = -6*x**2 - 287*x + 5. Let y(p) = k(p) + 5*o(p). Calculate y(s).
5
Let b(m) = m**2 + 3*m - 12. Let d(p) = 23*p**2 - 3 - 22*p**2 - 22*p + 19*p. Let k be d(2). Give b(k).
-2
Suppose 2*q + 6 + 6 = -4*u, 0 = -2*u + 2*q. Let g(n) = 30*n - 4. What is g(u)?
-64
Let w(t) be the third derivative of t**4/8 + 2*t**3 + 98*t**2. Let h(l) = l**3 - 7*l**2 - 12*l + 28. Let p be h(8). Calculate w(p).
0
Suppose -v + 6*v = 0. Let g(y) = y**2 - 19*y + 21. Let p be g(18). Let z(m) = -m - p - m**2 + 16 + 2*m**2. Give z(v).
13
Let r(j) = 2716*j**2 - 25*j - 2708*j**2 + 27*j - j**3 - 1 + 2. Give r(7).
64
Suppose 3*k - 6 = 12. Let d(z) be the first derivative of z**4/24 - 5*z**3/6 - z**2/2 - 180*z + 245. Let s(m) be the second derivative of d(m). Give s(k).
1
Suppose j - 4*w - 7 = 0, -40*j + 2*w - 9 = -37*j. Let k(q) = -q**3 - 5*q**2 + 5*q + 5. Calculate k(j).
-20
Let k(h) = 37252*h**2 - 13 - 14 - 37251*h**2 - 17*h. Give k(18).
-9
Let w(x) = -4 + 19*x - 2 - 13 - x**2. Determine w(18).
-1
Let d(r) = 221 - 353 + r + 2*r**2 + 132. Give d(2).
10
Suppose -5*c = 5*h - 10, c - 5 = h - 3. Suppose h*p - 44 = -4*p. Let u(l) = -5*l + p*l + 20*l**2 + 3*l - 8*l. Calculate u(-1).
19
Let s(k) be the third derivative of -k**4/24 + k**3/3 - 2471*k**2. 